{"id":584,"date":"2021-08-12T18:00:38","date_gmt":"2021-08-12T16:00:38","guid":{"rendered":"https:\/\/www.accelenatorres.com\/tienda\/?post_type=product&#038;p=584"},"modified":"2023-11-12T10:08:00","modified_gmt":"2023-11-12T09:08:00","slug":"zapatillas-replay-for-blue-marlin-ibiza","status":"publish","type":"product","link":"https:\/\/www.accelenatorres.com\/tienda\/producto\/zapatillas-replay-for-blue-marlin-ibiza\/","title":{"rendered":"Zapatillas REPLAY for BLUE MARLIN IBIZA"},"content":{"rendered":"<p>ZAPATILLAS REPLAY for BLUE MARLIN IBIZA azul y gris. Algod\u00f3n y ante. Este zapato ha sido sometido a tratamientos. La diversidad y las imperfecciones son caracter\u00edsticas de un acabado artesanal que hace que cada producto sea \u00fanico y original.<\/p>\n","protected":false},"excerpt":{"rendered":"<p>ZAPATILLAS REPLAY for BLUE MARLIN IBIZA azul y gris. Algod\u00f3n y ante. Este zapato ha sido sometido a tratamientos. La diversidad y las imperfecciones son caracter\u00edsticas de un acabado artesanal que hace que cada producto sea \u00fanico y original.<\/p>\n","protected":false},"featured_media":590,"comment_status":"open","ping_status":"closed","template":"","meta":{"_price":"25","_stock":null,"_tribe_ticket_header":"","_tribe_default_ticket_provider":"","_tribe_ticket_capacity":"0","_ticket_start_date":"","_ticket_end_date":"","_tribe_ticket_show_description":"","_tribe_ticket_show_not_going":false,"_tribe_ticket_use_global_stock":"","_tribe_ticket_global_stock_level":"","_global_stock_mode":"","_global_stock_cap":"","_tribe_rsvp_for_event":"","_tribe_ticket_going_count":"","_tribe_ticket_not_going_count":"","_tribe_tickets_list":"[]","_tribe_ticket_has_attendee_info_fields":false,"_webnus_sm_ready_style":"","_webnus_sm_style":"","_webnus_sm_controls_values":"","_webnus_sm_fonts_collection":"","_webnus_sm_fonts_links":"","_tec_slr_enabled":"","_tec_slr_layout":""},"product_brand":[],"product_cat":[62],"product_tag":[],"class_list":{"0":"post-584","1":"product","2":"type-product","3":"status-publish","4":"has-post-thumbnail","6":"product_cat-calzado","8":"first","9":"instock","10":"shipping-taxable","11":"purchasable","12":"product-type-variable","13":"has-default-attributes","14":"thumb-no-effect","15":"prod-rating-off"},"yoast_head":"<!-- This site is optimized with the Yoast SEO plugin v27.3 - https:\/\/yoast.com\/product\/yoast-seo-wordpress\/ -->\n<title>Zapatillas REPLAY for BLUE MARLIN IBIZA - Tienda ELE<\/title>\n<meta name=\"robots\" content=\"index, follow, max-snippet:-1, max-image-preview:large, max-video-preview:-1\" \/>\n<link rel=\"canonical\" href=\"https:\/\/www.accelenatorres.com\/tienda\/producto\/zapatillas-replay-for-blue-marlin-ibiza\/\" \/>\n<meta property=\"og:locale\" content=\"es_ES\" \/>\n<meta property=\"og:type\" content=\"article\" \/>\n<meta property=\"og:title\" content=\"Zapatillas REPLAY for BLUE MARLIN IBIZA - Tienda ELE\" \/>\n<meta property=\"og:description\" content=\"ZAPATILLAS REPLAY for BLUE MARLIN IBIZA azul y gris. Algod\u00f3n y ante. Este zapato ha sido sometido a tratamientos. La diversidad y las imperfecciones son caracter\u00edsticas de un acabado artesanal que hace que cada producto sea \u00fanico y original.\" \/>\n<meta property=\"og:url\" content=\"https:\/\/www.accelenatorres.com\/tienda\/producto\/zapatillas-replay-for-blue-marlin-ibiza\/\" \/>\n<meta property=\"og:site_name\" content=\"Tienda ELE\" \/>\n<meta property=\"article:publisher\" content=\"https:\/\/www.facebook.com\/asociacionelenatorres\/\" \/>\n<meta property=\"article:modified_time\" content=\"2023-11-12T09:08:00+00:00\" \/>\n<meta property=\"og:image\" content=\"https:\/\/www.accelenatorres.com\/tienda\/wp-content\/uploads\/2021\/08\/234-zapatillas-replay-for-blue-marlin-ibiza-accelenatorres.jpg\" \/>\n\t<meta property=\"og:image:width\" content=\"900\" \/>\n\t<meta property=\"og:image:height\" content=\"554\" \/>\n\t<meta property=\"og:image:type\" content=\"image\/jpeg\" \/>\n<meta name=\"twitter:card\" content=\"summary_large_image\" \/>\n<meta name=\"twitter:label1\" content=\"Tiempo de lectura\" \/>\n\t<meta name=\"twitter:data1\" content=\"1 minuto\" \/>\n<script type=\"application\/ld+json\" class=\"yoast-schema-graph\">{\"@context\":\"https:\\\/\\\/schema.org\",\"@graph\":[{\"@type\":\"WebPage\",\"@id\":\"https:\\\/\\\/www.accelenatorres.com\\\/tienda\\\/producto\\\/zapatillas-replay-for-blue-marlin-ibiza\\\/\",\"url\":\"https:\\\/\\\/www.accelenatorres.com\\\/tienda\\\/producto\\\/zapatillas-replay-for-blue-marlin-ibiza\\\/\",\"name\":\"Zapatillas REPLAY for BLUE MARLIN IBIZA - Tienda ELE\",\"isPartOf\":{\"@id\":\"https:\\\/\\\/www.accelenatorres.com\\\/tienda\\\/#website\"},\"primaryImageOfPage\":{\"@id\":\"https:\\\/\\\/www.accelenatorres.com\\\/tienda\\\/producto\\\/zapatillas-replay-for-blue-marlin-ibiza\\\/#primaryimage\"},\"image\":{\"@id\":\"https:\\\/\\\/www.accelenatorres.com\\\/tienda\\\/producto\\\/zapatillas-replay-for-blue-marlin-ibiza\\\/#primaryimage\"},\"thumbnailUrl\":\"https:\\\/\\\/www.accelenatorres.com\\\/tienda\\\/wp-content\\\/uploads\\\/2021\\\/08\\\/234-zapatillas-replay-for-blue-marlin-ibiza-accelenatorres.jpg\",\"datePublished\":\"2021-08-12T16:00:38+00:00\",\"dateModified\":\"2023-11-12T09:08:00+00:00\",\"breadcrumb\":{\"@id\":\"https:\\\/\\\/www.accelenatorres.com\\\/tienda\\\/producto\\\/zapatillas-replay-for-blue-marlin-ibiza\\\/#breadcrumb\"},\"inLanguage\":\"es\",\"potentialAction\":[{\"@type\":\"ReadAction\",\"target\":[\"https:\\\/\\\/www.accelenatorres.com\\\/tienda\\\/producto\\\/zapatillas-replay-for-blue-marlin-ibiza\\\/\"]}]},{\"@type\":\"ImageObject\",\"inLanguage\":\"es\",\"@id\":\"https:\\\/\\\/www.accelenatorres.com\\\/tienda\\\/producto\\\/zapatillas-replay-for-blue-marlin-ibiza\\\/#primaryimage\",\"url\":\"https:\\\/\\\/www.accelenatorres.com\\\/tienda\\\/wp-content\\\/uploads\\\/2021\\\/08\\\/234-zapatillas-replay-for-blue-marlin-ibiza-accelenatorres.jpg\",\"contentUrl\":\"https:\\\/\\\/www.accelenatorres.com\\\/tienda\\\/wp-content\\\/uploads\\\/2021\\\/08\\\/234-zapatillas-replay-for-blue-marlin-ibiza-accelenatorres.jpg\",\"width\":900,\"height\":554},{\"@type\":\"BreadcrumbList\",\"@id\":\"https:\\\/\\\/www.accelenatorres.com\\\/tienda\\\/producto\\\/zapatillas-replay-for-blue-marlin-ibiza\\\/#breadcrumb\",\"itemListElement\":[{\"@type\":\"ListItem\",\"position\":1,\"name\":\"Portada\",\"item\":\"https:\\\/\\\/www.accelenatorres.com\\\/tienda\\\/\"},{\"@type\":\"ListItem\",\"position\":2,\"name\":\"Productos\",\"item\":\"https:\\\/\\\/www.accelenatorres.com\\\/tienda\\\/productos\\\/\"},{\"@type\":\"ListItem\",\"position\":3,\"name\":\"Zapatillas REPLAY for BLUE MARLIN IBIZA\"}]},{\"@type\":\"WebSite\",\"@id\":\"https:\\\/\\\/www.accelenatorres.com\\\/tienda\\\/#website\",\"url\":\"https:\\\/\\\/www.accelenatorres.com\\\/tienda\\\/\",\"name\":\"Tienda ELE Ibiza\",\"description\":\"Tienda solidaria de la Asociaci\u00f3n Elena Torres en Ibiza\",\"publisher\":{\"@id\":\"https:\\\/\\\/www.accelenatorres.com\\\/tienda\\\/#organization\"},\"potentialAction\":[{\"@type\":\"SearchAction\",\"target\":{\"@type\":\"EntryPoint\",\"urlTemplate\":\"https:\\\/\\\/www.accelenatorres.com\\\/tienda\\\/?s={search_term_string}\"},\"query-input\":{\"@type\":\"PropertyValueSpecification\",\"valueRequired\":true,\"valueName\":\"search_term_string\"}}],\"inLanguage\":\"es\"},{\"@type\":\"Organization\",\"@id\":\"https:\\\/\\\/www.accelenatorres.com\\\/tienda\\\/#organization\",\"name\":\"Tienda Solidaria ELE Ibiza\",\"url\":\"https:\\\/\\\/www.accelenatorres.com\\\/tienda\\\/\",\"logo\":{\"@type\":\"ImageObject\",\"inLanguage\":\"es\",\"@id\":\"https:\\\/\\\/www.accelenatorres.com\\\/tienda\\\/#\\\/schema\\\/logo\\\/image\\\/\",\"url\":\"https:\\\/\\\/www.accelenatorres.com\\\/tienda\\\/wp-content\\\/uploads\\\/2021\\\/01\\\/ele-ibiza.png\",\"contentUrl\":\"https:\\\/\\\/www.accelenatorres.com\\\/tienda\\\/wp-content\\\/uploads\\\/2021\\\/01\\\/ele-ibiza.png\",\"width\":385,\"height\":168,\"caption\":\"Tienda Solidaria ELE Ibiza\"},\"image\":{\"@id\":\"https:\\\/\\\/www.accelenatorres.com\\\/tienda\\\/#\\\/schema\\\/logo\\\/image\\\/\"},\"sameAs\":[\"https:\\\/\\\/www.facebook.com\\\/asociacionelenatorres\\\/\",\"https:\\\/\\\/www.instagram.com\\\/accelenatorres\\\/\"]}]}<\/script>\n<!-- \/ Yoast SEO plugin. -->","yoast_head_json":{"title":"Zapatillas REPLAY for BLUE MARLIN IBIZA - Tienda ELE","robots":{"index":"index","follow":"follow","max-snippet":"max-snippet:-1","max-image-preview":"max-image-preview:large","max-video-preview":"max-video-preview:-1"},"canonical":"https:\/\/www.accelenatorres.com\/tienda\/producto\/zapatillas-replay-for-blue-marlin-ibiza\/","og_locale":"es_ES","og_type":"article","og_title":"Zapatillas REPLAY for BLUE MARLIN IBIZA - Tienda ELE","og_description":"ZAPATILLAS REPLAY for BLUE MARLIN IBIZA azul y gris. Algod\u00f3n y ante. Este zapato ha sido sometido a tratamientos. La diversidad y las imperfecciones son caracter\u00edsticas de un acabado artesanal que hace que cada producto sea \u00fanico y original.","og_url":"https:\/\/www.accelenatorres.com\/tienda\/producto\/zapatillas-replay-for-blue-marlin-ibiza\/","og_site_name":"Tienda ELE","article_publisher":"https:\/\/www.facebook.com\/asociacionelenatorres\/","article_modified_time":"2023-11-12T09:08:00+00:00","og_image":[{"width":900,"height":554,"url":"https:\/\/www.accelenatorres.com\/tienda\/wp-content\/uploads\/2021\/08\/234-zapatillas-replay-for-blue-marlin-ibiza-accelenatorres.jpg","type":"image\/jpeg"}],"twitter_card":"summary_large_image","twitter_misc":{"Tiempo de lectura":"1 minuto"},"schema":{"@context":"https:\/\/schema.org","@graph":[{"@type":"WebPage","@id":"https:\/\/www.accelenatorres.com\/tienda\/producto\/zapatillas-replay-for-blue-marlin-ibiza\/","url":"https:\/\/www.accelenatorres.com\/tienda\/producto\/zapatillas-replay-for-blue-marlin-ibiza\/","name":"Zapatillas REPLAY for BLUE MARLIN IBIZA - Tienda ELE","isPartOf":{"@id":"https:\/\/www.accelenatorres.com\/tienda\/#website"},"primaryImageOfPage":{"@id":"https:\/\/www.accelenatorres.com\/tienda\/producto\/zapatillas-replay-for-blue-marlin-ibiza\/#primaryimage"},"image":{"@id":"https:\/\/www.accelenatorres.com\/tienda\/producto\/zapatillas-replay-for-blue-marlin-ibiza\/#primaryimage"},"thumbnailUrl":"https:\/\/www.accelenatorres.com\/tienda\/wp-content\/uploads\/2021\/08\/234-zapatillas-replay-for-blue-marlin-ibiza-accelenatorres.jpg","datePublished":"2021-08-12T16:00:38+00:00","dateModified":"2023-11-12T09:08:00+00:00","breadcrumb":{"@id":"https:\/\/www.accelenatorres.com\/tienda\/producto\/zapatillas-replay-for-blue-marlin-ibiza\/#breadcrumb"},"inLanguage":"es","potentialAction":[{"@type":"ReadAction","target":["https:\/\/www.accelenatorres.com\/tienda\/producto\/zapatillas-replay-for-blue-marlin-ibiza\/"]}]},{"@type":"ImageObject","inLanguage":"es","@id":"https:\/\/www.accelenatorres.com\/tienda\/producto\/zapatillas-replay-for-blue-marlin-ibiza\/#primaryimage","url":"https:\/\/www.accelenatorres.com\/tienda\/wp-content\/uploads\/2021\/08\/234-zapatillas-replay-for-blue-marlin-ibiza-accelenatorres.jpg","contentUrl":"https:\/\/www.accelenatorres.com\/tienda\/wp-content\/uploads\/2021\/08\/234-zapatillas-replay-for-blue-marlin-ibiza-accelenatorres.jpg","width":900,"height":554},{"@type":"BreadcrumbList","@id":"https:\/\/www.accelenatorres.com\/tienda\/producto\/zapatillas-replay-for-blue-marlin-ibiza\/#breadcrumb","itemListElement":[{"@type":"ListItem","position":1,"name":"Portada","item":"https:\/\/www.accelenatorres.com\/tienda\/"},{"@type":"ListItem","position":2,"name":"Productos","item":"https:\/\/www.accelenatorres.com\/tienda\/productos\/"},{"@type":"ListItem","position":3,"name":"Zapatillas REPLAY for BLUE MARLIN IBIZA"}]},{"@type":"WebSite","@id":"https:\/\/www.accelenatorres.com\/tienda\/#website","url":"https:\/\/www.accelenatorres.com\/tienda\/","name":"Tienda ELE Ibiza","description":"Tienda solidaria de la Asociaci\u00f3n Elena Torres en Ibiza","publisher":{"@id":"https:\/\/www.accelenatorres.com\/tienda\/#organization"},"potentialAction":[{"@type":"SearchAction","target":{"@type":"EntryPoint","urlTemplate":"https:\/\/www.accelenatorres.com\/tienda\/?s={search_term_string}"},"query-input":{"@type":"PropertyValueSpecification","valueRequired":true,"valueName":"search_term_string"}}],"inLanguage":"es"},{"@type":"Organization","@id":"https:\/\/www.accelenatorres.com\/tienda\/#organization","name":"Tienda Solidaria ELE Ibiza","url":"https:\/\/www.accelenatorres.com\/tienda\/","logo":{"@type":"ImageObject","inLanguage":"es","@id":"https:\/\/www.accelenatorres.com\/tienda\/#\/schema\/logo\/image\/","url":"https:\/\/www.accelenatorres.com\/tienda\/wp-content\/uploads\/2021\/01\/ele-ibiza.png","contentUrl":"https:\/\/www.accelenatorres.com\/tienda\/wp-content\/uploads\/2021\/01\/ele-ibiza.png","width":385,"height":168,"caption":"Tienda Solidaria ELE Ibiza"},"image":{"@id":"https:\/\/www.accelenatorres.com\/tienda\/#\/schema\/logo\/image\/"},"sameAs":["https:\/\/www.facebook.com\/asociacionelenatorres\/","https:\/\/www.instagram.com\/accelenatorres\/"]}]}},"_links":{"self":[{"href":"https:\/\/www.accelenatorres.com\/tienda\/wp-json\/wp\/v2\/product\/584","targetHints":{"allow":["GET"]}}],"collection":[{"href":"https:\/\/www.accelenatorres.com\/tienda\/wp-json\/wp\/v2\/product"}],"about":[{"href":"https:\/\/www.accelenatorres.com\/tienda\/wp-json\/wp\/v2\/types\/product"}],"replies":[{"embeddable":true,"href":"https:\/\/www.accelenatorres.com\/tienda\/wp-json\/wp\/v2\/comments?post=584"}],"wp:featuredmedia":[{"embeddable":true,"href":"https:\/\/www.accelenatorres.com\/tienda\/wp-json\/wp\/v2\/media\/590"}],"wp:attachment":[{"href":"https:\/\/www.accelenatorres.com\/tienda\/wp-json\/wp\/v2\/media?parent=584"}],"wp:term":[{"taxonomy":"product_brand","embeddable":true,"href":"https:\/\/www.accelenatorres.com\/tienda\/wp-json\/wp\/v2\/product_brand?post=584"},{"taxonomy":"product_cat","embeddable":true,"href":"https:\/\/www.accelenatorres.com\/tienda\/wp-json\/wp\/v2\/product_cat?post=584"},{"taxonomy":"product_tag","embeddable":true,"href":"https:\/\/www.accelenatorres.com\/tienda\/wp-json\/wp\/v2\/product_tag?post=584"}],"curies":[{"name":"wp","href":"https:\/\/api.w.org\/{rel}","templated":true}]}}